nvert -214 (base 10) to base 13.
-136
Convert -73 (base 13) to base 15.
-64
Convert -8 (base 12) to base 9.
-8
What is 0 (base 10) in base 3?
0
What is 4 (base 13) in base 2?
100
3 (base 15) to base 8
3
250 (base 9) to base 8
317
What is -4 (base 7) in base 14?
-4
What is -39 (base 14) in base 5?
-201
Convert -31 (base 14) to base 16.
-2b
What is 2123 (base 4) in base 2?
10011011
3 (base 4) to base 12
3
What is 432 (base 6) in base 7?
323
What is 0 (base 14) in base 7?
0
Convert 11 (base 2) to base 3.
10
2 (base 9) to base 3
2
1 (base 2) to base 4
1
Convert -10 (base 2) to base 8.
-2
Convert 143 (base 7) to base 15.
55
Convert 2d (base 16) to base 11.
41
-33 (base 7) to base 12
-20
-16 (base 14) to base 15
-15
What is -1100 (base 2) in base 9?
-13
What is 5 (base 8) in base 4?
11
0 (base 13) to base 15
0
What is 26 (base 12) in base 6?
50
Convert -27 (base 10) to base 7.
-36
Convert 5 (base 16) to base 10.
5
What is 100 (base 4) in base 2?
10000
-412 (base 6) to base 8
-230
What is 2 (base 15) in base 3?
2
1 (base 7) to base 14
1
What is 4 (base 10) in base 2?
100
-1 (base 13) to base 9
-1
What is 134 (base 6) in base 11?
53
-1001 (base 2) to base 11
-9
28 (base 11) to base 13
24
-113 (base 4) to base 11
-21
What is 0 (base 12) in base 3?
0
Convert -104 (base 5) to base 11.
-27
What is 5 (base 16) in base 13?
5
What is 3 (base 7) in base 3?
10
Convert -5 (base 7) to base 4.
-11
What is 8 (base 14) in base 15?
8
What is 10 (base 5) in base 4?
11
Convert -1 (base 16) to base 10.
-1
16 (base 11) to base 3
122
What is -1001 (base 2) in base 11?
-9
What is 7 (base 14) in base 12?
7
What is -1 (base 5) in base 9?
-1
-12 (base 4) to base 3
-20
What is -49 (base 12) in base 2?
-111001
Convert 6a (base 11) to base 10.
76
-61 (base 16) to base 4
-1201
What is 5 (base 12) in base 16?
5
-285 (base 9) to base 14
-131
Convert -2122 (base 3) to base 10.
-71
What is -1 (base 3) in base 14?
-1
12 (base 11) to base 3
111
Convert -22 (base 3) to base 13.
-8
Convert -1 (base 2) to base 6.
-1
Convert 264 (base 7) to base 16.
90
What is 278 (base 9) in base 7?
452
What is 7 (base 9) in base 12?
7
Convert -28 (base 13) to base 12.
-2a
Convert 27 (base 8) to base 11.
21
What is -124 (base 15) in base 14?
-147
141 (base 6) to base 5
221
Convert 30 (base 7) to base 4.
111
Convert 11 (base 8) to base 14.
9
Convert -28 (base 9) to base 10.
-26
What is 3 (base 4) in base 8?
3
What is a (base 14) in base 13?
a
What is -5 (base 15) in base 5?
-10
Convert 1100 (base 2) to base 13.
c
-9 (base 16) to base 15
-9
What is 1 (base 7) in base 10?
1
What is 4 (base 14) in base 4?
10
-431 (base 6) to base 5
-1123
What is 0 (base 10) in base 9?
0
Convert 0 (base 6) to base 9.
0
What is -2 (base 5) in base 8?
-2
Convert -3 (base 16) to base 5.
-3
What is -212 (base 4) in base 7?
-53
65 (base 13) to base 4
1103
1001 (base 2) to base 4
21
What is 5 (base 9) in base 14?
5
Convert -1 (base 4) to base 14.
-1
110201 (base 3) to base 6
1331
Convert -252 (base 6) to base 10.
-104
Convert -5 (base 10) to base 2.
-101
Convert 1111 (base 2) to base 6.
23
Convert -10 (base 6) to base 2.
-110
Convert 1 (base 2) to base 7.
1
-1 (base 12) to base 11
-1
What is 2 (base 4) in base 12?
2
1 (base 5) to base 15
1
Convert -220 (base 5) to base 2.
-111100
Convert 16 (base 7) to base 4.
31
What is 33 (base 8) in base 15?
1c
Convert -7 (base 12) to base 11.
-7
Convert -5 (base 9) to base 4.
-11
Convert -1 (base 2) to base 8.
-1
Convert 1203 (base 4) to base 9.
120
Convert -113 (base 5) to base 12.
-29
-2 (base 4) to base 9
-2
Convert 16 (base 11) to base 3.
122
What is 18 (base 9) in base 5?
32
What is -26 (base 10) in base 7?
-35
3 (base 5) to base 2
11
What is 21 (base 3) in base 13?
7
Convert -13 (base 12) to base 4.
-33
What is -1 (base 4) in base 6?
-1
Convert -5 (base 11) to base 12.
-5
Convert -111 (base 2) to base 12.
-7
-82 (base 16) to base 6
-334
-3 (base 6) to base 14
-3
Convert -347 (base 10) to base 11.
-296
105 (base 9) to base 5
321
-10 (base 5) to base 3
-12
-18 (base 12) to base 16
-14
Convert -26 (base 11) to base 3.
-1001
Convert -2 (base 8) to base 4.
-2
What is 11 (base 4) in base 8?
5
2 (base 11) to base 10
2
What is -10 (base 9) in base 6?
-13
Convert -2 (base 5) to base 13.
-2
Convert 114 (base 9) to base 16.
5e
Convert 0 (base 7) to base 12.
0
What is -80 (base 15) in base 8?
-170
What is -3 (base 14) in base 11?
-3
Convert 0 (base 11) to base 2.
0
Convert -29 (base 10) to base 9.
-32
0 (base 16) to base 2
0
10 (base 3) to base 15
3
-b (base 15) to base 4
-23
What is -e (base 16) in base 7?
-20
What is 2 (base 5) in base 8?
2
What is -2 (base 11) in base 10?
-2
1 (base 13) to base 6
1
13 (base 11) to base 13
11
What is 58 (base 9) in base 7?
104
What is 9 (base 10) in base 3?
100
What is 11011 (base 2) in base 14?
1d
What is 32 (base 5) in base 16?
11
Convert -7 (base 12) to base 7.
-10
Convert 94 (base 14) to base 3.
11211
-1 (base 14) to base 4
-1
Convert 18 (base 10) to base 5.
33
What is 3 (base 11) in base 9?
3
What is -3 (base 7) in base 8?
-3
-43 (base 11) to base 2
-101111
Convert -57 (base 8) to base 14.
-35
0 (base 3) to base 12
0
Convert -146 (base 9) to base 13.
-96
4 (base 9) to base 5
4
Convert -3 (base 7) to base 13.
-3
What is -2 (base 15) in base 9?
-2
-1000101 (base 2) to base 13
-54
Convert -2 (base 15) to base 13.
-2
Convert b (base 16) to base 5.
21
What is 1 (base 7) in base 14?
1
Convert -12212 (base 3) to base 10.
-158
-2 (base 7) to base 8
-2
3c (base 15) to base 9
63
What is -11 (base 4) in base 10?
-5
What is 14 (base 15) in base 7?
25
What is 25 (base 6) in base 8?
21
What is -8 (base 16) in base 9?
-8
What is 29 (base 12) in base 13?
27
Convert 29 (base 10) to base 8.
35
What is 2 (base 12) in base 10?
2
2 (base 9) to base 3
2
What is -144 (base 5) in base 9?
-54
1 (base 11) to base 2
1
Convert -1000001 (base 2) to base 3.
-2102
Convert 0 (base 14) to base 5.
0
What is 17 (base 16) in base 7?
32
Convert -a (base 13) to base 12.
-a
-2 (base 15) to base 8
-2
What is 6 (base 8) in base 5?
11
Convert 0 (base 3) to base 4.
0
Convert -41 (base 11) to base 13.
-36
Convert -1 (base 6) to base 16.
-1
What is 13 (base 9) in base 8?
14
What is 10 (base 4) in base 14?
4
2 (base 11) to base 14
2
-3 (base 14) to base 11
-3
-244 (base 6) to base 8
-144
7b (base 15) to base 3
11022
Convert -13 (base 12) to base 7.
-21
Convert 4 (base 5) to base 13.
4
What is 246 (base 8) in base 5?
1131
What is 162 (base 11) in base 2?
10111101
29 (base 14) to base 12
31
Convert -10110 (base 2) to base 3.
-211
Convert -1 (base 4) to base 9.
-1
Convert 300 (base 5) to base 10.
75
0 (base 10) to base 16
0
Convert 0 (base 7) to base 15.
0
Convert 0 (base 6) to base 12.
0
131 (base 10) to base 6
335
What is -2 (base 12) in base 13?
-2
-10 (base 16) to base 13
-13
6 (base 16) to base 12
6
Convert -24 (base 5) to base 8.
-16
Convert -9 (base 11) to base 12.
-9
What is -136 (base 7) in base 8?
-114
What is 2a (base 14) in base 8?
46
Convert -1 (base 11) to base 7.
-1
-52 (base 7) to base 15
-27
What is 27 (base 9) in base 11?
23
Convert 2 (base 12) to base 14.
2
Convert -11f (base 16) to base 10.
-287
Convert -126 (base 8) to base 9.
-105
-451 (base 6) to base 13
-106
-3 (base 4) to base 14
-3
-a4 (base 16) to base 10
-164
What is -332 (base 4) in base 14?
-46
-4 (base 12) to base 8
-4
What is 21 (base 15) in base 14?
23
What is -10 (base 6) in base 8?
-6
47 (base 10) to base 2
101111
What is -31 (base 5) in base 4?
-100
-159 (base 10) to base 9
-186
-11 (base 9) to base 2
-1010
What is 1 (base 7) in base 8?
1
-12 (base 7) to base 12
-9
1102 (base 4) to base 14
5c
What is 4 (base 11) in base 16?
4
What is 9 (base 12) in base 2?
1001
Convert -210 (base 3) to base 12.
-19
Convert -66 (base 12) to base 3.
-2220
Convert 5 (base 7) to base 14.
5
10 (base 6) to base 15
6
What is -2 (base 13) in base 11?
-2
104 (base 5) to base 8
35
3 (base 12) to base 13
3
What is -7 (base 9) in base 5?
-12
Convert 9 (base 15) to base 2.
1001
What is -36 (base 12) in base 4?
-222
What is -2d (base 16) in base 11?
-41
-11 (base 11) to base 2
-1100
What is 1 (base 4) in base 14?
1
What is 0 (base 12) in base 14?
0
1 (base 14) to base 12
1
Convert -1120 (base 3) to base 7.
-60
What is 25 (base 9) in base 2?
10111
-